{"id":192,"date":"2020-11-28T13:47:17","date_gmt":"2020-11-28T12:47:17","guid":{"rendered":"http:\/\/test.fkt-kst.at\/?page_id=192"},"modified":"2025-12-17T18:54:38","modified_gmt":"2025-12-17T17:54:38","slug":"fkt-kunststofftechnik","status":"publish","type":"page","link":"https:\/\/fkt-kst.at\/fkt-kunststofftechnik\/","title":{"rendered":""},"content":{"rendered":"\n<p class=\"has-text-align-center has-text-color has-large-font-size\" style=\"color:#0d2bc2\"><strong>Ihr Partner<\/strong><br><strong>in Sachen<br>GFK Verarbeitung<\/strong><\/p>\n\n\n\n<p class=\"has-text-align-center\">Vom Entwurf \u00fcber die Entwicklung<br>bis hin zur Fertigung des Produktes.<br><br>Wir fertigen Prototypen und Einzelst\u00fccke aus<br>glasfaserverst\u00e4rkten Kunststoffen (GFK) und Epoxidharz <br>nach Ihren W\u00fcnschen und Ideen an.<br>Zudem reparieren wir <br>Kunststoffteile jeglicher Art.<br><br>Weiters bieten wir Ihnen Industrieb\u00f6den, die perfekt f\u00fcr kleinere R\u00e4ume <br>wie Garagen, Werkst\u00e4tten, aber auch Wohnfl\u00e4chen geeignet sind.<br><\/p>\n\n\n\n<p class=\"has-text-align-center\"><\/p>\n\n\n\n<p class=\"has-text-align-center\">Perlmooserstra\u00dfe 5 \/ 3<br>6322 Kirchbichl \/ Tirol<br>05332\/77849<br>info@fkt-kst.at<\/p>\n\n\n\n<div class=\"wp-block-buttons is-content-justification-center\">\n<div class=\"wp-block-button is-style-outline\"><a class=\"wp-block-button__link\" href=\"https:\/\/www.instagram.com\/fktkunststofftechnik\/\" target=\"_blank\" rel=\"noreferrer noopener\">Instagram<\/a><\/div>\n\n\n\n<div class=\"wp-block-button is-style-outline\"><a class=\"wp-block-button__link\" href=\"https:\/\/www.linkedin.com\/in\/stefan-exenberger-5601a6224\/\" target=\"_blank\" rel=\"noreferrer noopener\">LinkedIn<\/a><\/div>\n\n\n\n<div class=\"wp-block-button is-style-outline\"><a class=\"wp-block-button__link\" href=\"https:\/\/www.facebook.com\/profile.php?id=100075825976412\" target=\"_blank\" rel=\"noreferrer noopener\">Facebook<\/a><\/div>\n<\/div>\n\n\n\n<p class=\"has-text-align-center\"><\/p>\n","protected":false},"excerpt":{"rendered":"<p>Ihr Partnerin SachenGFK Verarbeitung Vom Entwurf \u00fcber die Entwicklungbis hin zur Fertigung des Produktes. Wir fertigen Prototypen und Einzelst\u00fccke ausglasfaserverst\u00e4rkten<\/p>\n","protected":false},"author":1,"featured_media":0,"parent":0,"menu_order":0,"comment_status":"closed","ping_status":"closed","template":"","meta":[],"_links":{"self":[{"href":"https:\/\/fkt-kst.at\/fkt-kunststofftechnik\/wp-json\/wp\/v2\/pages\/192"}],"collection":[{"href":"https:\/\/fkt-kst.at\/fkt-kunststofftechnik\/wp-json\/wp\/v2\/pages"}],"about":[{"href":"https:\/\/fkt-kst.at\/fkt-kunststofftechnik\/wp-json\/wp\/v2\/types\/page"}],"author":[{"embeddable":true,"href":"https:\/\/fkt-kst.at\/fkt-kunststofftechnik\/wp-json\/wp\/v2\/users\/1"}],"replies":[{"embeddable":true,"href":"https:\/\/fkt-kst.at\/fkt-kunststofftechnik\/wp-json\/wp\/v2\/comments?post=192"}],"version-history":[{"count":21,"href":"https:\/\/fkt-kst.at\/fkt-kunststofftechnik\/wp-json\/wp\/v2\/pages\/192\/revisions"}],"predecessor-version":[{"id":508,"href":"https:\/\/fkt-kst.at\/fkt-kunststofftechnik\/wp-json\/wp\/v2\/pages\/192\/revisions\/508"}],"wp:attachment":[{"href":"https:\/\/fkt-kst.at\/fkt-kunststofftechnik\/wp-json\/wp\/v2\/media?parent=192"}],"curies":[{"name":"wp","href":"https:\/\/api.w.org\/{rel}","templated":true}]}}